s(-4)?
-6
Let h(s) = 33*s - 126. Calculate h(4).
6
Let w(l) = -l**3 + 2*l**2 - 19*l - 6. Give w(0).
-6
Let n(u) = 6*u**2 + 70*u + 42. Give n(-11).
-2
Let h(w) = -181*w + 726. Calculate h(4).
2
Let n(x) = 2*x**3 + 20*x**2 + 16*x - 2. What is n(-9)?
16
Let p(v) = 3*v - 23. Determine p(6).
-5
Let t(b) = b**2 - 6*b + 21. Give t(4).
13
Let o(l) = 14*l + 48. What is o(-7)?
-50
Let z(i) = -i**2 + 2*i - 7. Determine z(-3).
-22
Let l(r) = -2*r**2 - 2*r + 6. Determine l(4).
-34
Let j(a) = 2*a**3 + 50*a - 102. What is j(2)?
14
Let q(u) = -6*u**3 - 33*u**2 - 9*u - 5. Determine q(-5).
-35
Let v(k) = k**3 + 27*k**2 - 58*k - 4. Calculate v(-29).
-4
Let m(o) = o**3 - 2*o**2 - 27*o + 77. What is m(5)?
17
Let j(g) = 3*g**2 + 17*g - 46. Give j(-8).
10
Let c(t) = -2*t**2 + 10*t - 6. Determine c(7).
-34
Let b(o) = 13*o**2 - 1. Give b(2).
51
Let s(j) = -3*j**2 - 47*j + 2. Give s(-17).
-66
Let c(y) = -y**3 - 2*y + 3. Determine c(2).
-9
Let s(r) = r**3 - r**2 - 19*r + 5. What is s(5)?
10
Let s(y) = -20*y**3 - 3*y**2 + 2*y + 4. Calculate s(-1).
19
Let c(m) = 2*m**2 + 9*m + 36. Calculate c(-9).
117
Let r(s) = -9*s - 55. Calculate r(-4).
-19
Let f(x) = x**2 + 6*x - 10. Calculate f(-5).
-15
Let i(f) = -3*f - 24. Give i(-8).
0
Let j(t) = -5*t**3 + t**2 - 2*t - 1. Give j(2).
-41
Let f(n) = n**2 + 21*n + 18. What is f(-11)?
-92
Let f(u) = -2*u + 15. Give f(0).
15
Let q(i) = i**3 - 5*i**2 + 6*i + 2. Determine q(3).
2
Let w(b) = 7*b - 1. Determine w(5).
34
Let g(f) = f**2 - 3*f - 36. Give g(7).
-8
Let u(d) = d**2 + 13*d + 7. What is u(-13)?
7
Let r(h) = -h**3 - 21*h**2 - 2*h - 41. Determine r(-21).
1
Let x(b) = b**3 - b**2 + b - 34. Give x(0).
-34
Let q(j) = j**3 + 15*j**2 + 12*j - 30. Calculate q(-14).
-2
Let x(j) = -2*j**2 + 5*j + 3. Calculate x(5).
-22
Let x(g) = -g**3 - 6*g**2 + 20*g + 5. Calculate x(-8).
-27
Let q(z) = -z + 2. What is q(1)?
1
Let s(f) = 7*f**2 + 3*f + 4. Determine s(-1).
8
Let b(h) = -h**2 - 2*h + 13. What is b(0)?
13
Let d(a) = -2*a**3 + 16*a**2 - 21*a. Determine d(6).
18
Let w(m) = -m**3 + 12*m**2 - 9*m - 6. Calculate w(11).
16
Let l(o) = -o**2 - 9*o + 8. Calculate l(-8).
16
Let w(y) = y**3 + 11*y**2 - 5*y - 43. Calculate w(-11).
12
Let j(a) = -3*a - 15. Determine j(-6).
3
Let m(v) = -v**3 - 22*v**2 + 3*v + 23. Calculate m(-22).
-43
Let f(s) = s**3 - 6*s**2 + 3*s - 14. What is f(6)?
4
Let n(v) = -8*v**3 - v**2 + v + 1. Determine n(1).
-7
Let u(x) = -3*x**3 - x**2 + 14*x + 28. Give u(-2).
20
Let y(l) = -6*l - 3. What is y(-3)?
15
Let t(u) = -3*u - 20. What is t(0)?
-20
Let y(p) = p**3 + 13*p**2 + 14*p + 15. Calculate y(-12).
-9
Let i(g) = g**3 - 28*g**2 - 31*g + 24. Calculate i(29).
-34
Let f(y) = 2*y + 24. Give f(-11).
2
Let h(c) = 3*c**2 + 7*c - 9. Give h(4).
67
Let l(x) = -x**3 - 5*x**2 + 16*x + 11. Give l(-6).
-49
Let p(r) = -r**2 - 42*r - 118. Calculate p(-39).
-1
Let p(l) = -l**3 + 5*l**2 + 3*l - 2. Determine p(4).
26
Let k(x) = -x**3 - x**2 - 22. What is k(0)?
-22
Let d(t) = 46*t - 224. Determine d(5).
6
Let q(b) = -b**2 - 15*b + 45. Give q(-13).
71
Let t(v) = v**3 + 9*v**2 - 10*v + 6. Determine t(-10).
6
Let n(q) = 3*q**2 + 6*q + 13. Calculate n(-2).
13
Let o(r) = -r**2 + 11*r + 106. Give o(17).
4
Let b(m) = -m**3 + 2*m**2 + 12*m + 16. Calculate b(-3).
25
Let t(y) = -y**3 - 7*y**2 - 6*y - 41. Calculate t(-7).
1
Let k(z) = -2*z + 53. Give k(27).
-1
Let c(j) = 12*j - 265. Determine c(23).
11
Let u(t) = -t**2 - 2*t + 7. Give u(-3).
4
Let k(o) = o**3 + 10*o**2 - 58*o - 26. Give k(-14).
2
Let a(g) = -2*g**2 + 58*g - 280. Determine a(6).
-4
Let b(x) = 30*x**2 - 5*x - 5. What is b(-1)?
30
Let v(q) = -q**2 + 11*q - 11. What is v(12)?
-23
Let f(s) = s**2 - 2*s - 28. Give f(7).
7
Let l(q) = q**2 + 7*q - 17. Determine l(-10).
13
Let y(h) = h**2 - 15*h - 27. Calculate y(17).
7
Let g(q) = -3*q**3 + 4*q**2 - 3*q. Calculate g(2).
-14
Let j(l) = -5*l + 162. Determine j(32).
2
Let h(m) = 3*m**2 + 6*m - 36. Determine h(3).
9
Let c(l) = -l + 6. Give c(12).
-6
Let f(r) = -70*r - 1. Give f(-2).
139
Let g(k) = k**3 - 8*k**2 + k + 2. Determine g(5).
-68
Let r(o) = -o**2 - 4*o - 3. Determine r(-4).
-3
Let r(d) = d**3 - 5*d**2 + 5*d. Calculate r(4).
4
Let h(n) = 11*n + 4. Give h(1).
15
Let c(j) = -5*j + 21. Give c(5).
-4
Let t(f) = 19*f + 56. Determine t(-3).
-1
Let z(v) = v + 25. What is z(-18)?
7
Let n(m) = 2*m - 16. Calculate n(12).
8
Let o(g) = -6*g + 114. What is o(16)?
18
Let q(a) = -6*a**2 - 11*a - 3. Determine q(-2).
-5
Let y(r) = -13*r - 34. Determine y(-3).
5
Let a(d) = 10*d**2 + 5*d + 4. What is a(0)?
4
Let o(a) = -92*a**3 + 2*a**2 - 2*a - 3. Calculate o(-1).
93
Let j(v) = v**3 + 11*v**2 - v - 6. Calculate j(-11).
5
Let y(u) = -2*u**2 + 36*u + 7. Determine y(18).
7
Let u(h) = -h**2 + 21*h + 44. Determine u(23).
-2
Let f(q) = 9*q**2 - 5. Give f(-2).
31
Let k(w) = w**2 - 75. Give k(0).
-75
Let q(l) = -l**2 + 3*l + 7. Calculate q(9).
-47
Let o(y) = -23*y**2 - 208*y - 10. Give o(-9).
-1
Let y(a) = a - 5. Determine y(-3).
-8
Let w(o) = -23*o + 98. Determine w(4).
6
Let o(a) = -17*a + 34. Give o(5).
-51
Let b(s) = -4*s - 70. Give b(-20).
10
Let u(p) = -p**2 + 41*p - 150. What is u(37)?
-2
Let o(g) = -g**2 - 8*g + 57. Give o(6).
-27
Let l(s) = s**3 - 18*s**2 + 12*s + 24. What is l(17)?
-61
Let y(p) = p**3 + 4*p**2 + 7*p - 4. Determine y(-3).
-16
Let y(m) = -2*m**3 - 8*m**2 + 12*m + 5. Give y(-5).
-5
Let q(r) = r**3 - 15*r**2 - 17*r - 2. Calculate q(16).
-18
Let r(m) = -m + 25. Give r(37).
-12
Let j(q) = q**3 - q**2 - 11*q + 6. Give j(0).
6
Let c(y) = -4*y - 9. What is c(-7)?
19
Let j(o) = 2*o**2 + 22*o + 42. Calculate j(-2).
6
Let i(l) = l + 26. Determine i(-19).
7
Let d(i) = -i**3 + 4*i**2 - 3*i + 6. Determine d(4).
-6
Let z(q) = 6*q - 47. Determine z(20).
73
Let b(m) = m**3 + 21*m**2 - 24*m - 42. Give b(-22).
2
Let x(l) = -46*l**2 - l. Determine x(1).
-47
Let w(k) = 45*k - 33. Determine w(1).
12
Let b(l) = l**3 + 25*l**2 + 2*l + 60. Calculate b(-25).
10
Let z(x) = -x**3 - 5*x**2 + 4*x - 8. Give z(-8).
152
Let v(o) = 2*o**2 + 20*o + 26. Calculate v(-8).
-6
Let t(h) = 7*h - 115. Give t(16).
-3
Let d(i) = -9*i + 39. What is d(5)?
-6
Let q(t) = t**2 + 8*t + 3. What is q(-6)?
-9
Let p(t) = 5*t - 53. Determine p(10).
-3
Let j(r) = -r - 2. Determine j(0).
-2
Let q(f) = -f**3 + 21*f**2 - 19*f + 8. Calculate q(20).
28
Let t(j) = j**3 + 18*j**2 + 40*j + 120. What is t(-16)?
-8
Let c(j) = -j**2 + 9*j + 4. What is c(10)?
-6
Let p(c) = -c**3 - 13*c**2 + 2*c + 21. Determine p(-13).
-5
Let b(w) = -3*w - 98. Determine b(-30).
-8
Let m(p) = 12*p - 108. Calculate m(10).
12
Let o(h) = -h**2 - 14*h - 32. Calculate o(-3).
1
Let x(s) = 4*s**2 - 6*s + 3. Determine x(2).
7
Let q(h) = 2*h**3 + h**2 - 10*h - 2. Give q(-4).
-74
Let n(c) = -c**3 + 6*c - 1. Calculate n(-3).
8
Let x(b) = -8*b**2 - b + 1. Determine x(-1).
-6
Let l(p) = -p**3 + 10*p**2 - p - 4. Give l(10).
-14
Let g(h) = -h**3 - 3*h**2 - 4*h - 1. Give g(-1).
1
Let l(x) = 5*x + 128. Determine l(-26).
-2
Let j(g) = g**3 + 4*g**2 + 3. Calculate j(-4).
3
Let x(u) = 16*u - 42. Determine x(2).
-10
Let u(n) = -n + 8. Give u(-4).
12
Let h(a) = -a**3 + 42*a**2 + 36*a + 303. Determine h(43).
2
Let t(p) = 4*p + 1. Give t(-6).
-23
Let f(c) = 5*c**2 + 10*c - 18. Give f(5).
157
Let v(u) = -7*u + 12. What is v(6)?
-30
Let z(j) = j**3 - 15*j**2 - 19*j + 54. Calculate z(16).
6
Let w(f) = -f**3 - 5*f**2 + 15*f + 16. What is w(-7)?
9
Let q(m) = -3*m**2 - 4*m + 5. Give q(3).
-34
Let w(r) = r**3 - 38*r**2 + 165*r - 9. Give w(33).
-9
Let x(f) = -f**3 + 9*f**2 - 14*f + 8. Determine x(7).
8
Let c(g) = 2*g**2 + 2*g - 1. Give c(-4).
23
Let l(a) = 24*a**3 + a**2 - 19*a - 18. Calculate l(-1).
-22
Let m(q) = q**3 + 6*q**2 + 16*q + 40. Determine m(-4).
8
Let s(q) = -2*q**2 + 5*q + 1. Give s(4).
-11
Let l(p) = p**2 + 14*p - 10. What is l(-15)?
5
Let d(i) = 2*i**3 - 89*i**2 + 42*i + 96. What is d(44)?
8
Let z(d) = 33*d + 295. Determine z(-9).
-2
Let b(m) = -m**2 + 9*m - 15. Calculate b(8).
-7
Let p(s) = -s**3 + 44*s**2 - 46*s + 115. Give p(43).
-14
Let k(h) = -h**3 - 10*h**2 - h - 20. Calculate k(-9).
-92
Let j(m) = 14*m**3 - 2*m**2 + 1. Give j(-1).
-15
Let g(v) = -2*v**2 + v. Give g(3).
-15
Let b(m) = -m**2 - 34*m - 110. Calculate b(-30).
10
Let p(x) = -x**3 - 8*x**2 - 11*x - 60. What is p(-8)?
28
Let h(m) = 2*m**2 + 35*m - 16. Determine h(-18).
2
Let t(